lculate the remainder when 702261 is divided by 179.
44
What is the remainder when 2305051 is divided by 768344?
19
Calculate the remainder when 65330 is divided by 21685.
275
What is the remainder when 316218 is divided by 325?
318
Calculate the remainder when 113075 is divided by 871.
716
Calculate the remainder when 139072798 is divided by 1045660.
18
Calculate the remainder when 6560581 is divided by 468.
157
Calculate the remainder when 8558180 is divided by 475454.
8
Calculate the remainder when 88372363 is divided by 15.
13
Calculate the remainder when 182768 is divided by 238.
222
Calculate the remainder when 3602878 is divided by 270.
268
Calculate the remainder when 219781 is divided by 42374.
7911
Calculate the remainder when 11395650 is divided by 20.
10
What is the remainder when 499085 is divided by 124655?
465
Calculate the remainder when 17834556 is divided by 859.
857
What is the remainder when 12566418 is divided by 12566408?
10
What is the remainder when 20744 is divided by 20209?
535
Calculate the remainder when 9182 is divided by 7720.
1462
Calculate the remainder when 171250 is divided by 349.
240
What is the remainder when 583413 is divided by 163?
36
What is the remainder when 368065401 is divided by 2222?
2211
Calculate the remainder when 77472816 is divided by 201.
180
What is the remainder when 158281484 is divided by 74?
72
What is the remainder when 592101 is divided by 255?
246
What is the remainder when 1336431 is divided by 23864?
47
What is the remainder when 51539561 is divided by 51539560?
1
Calculate the remainder when 9992 is divided by 4870.
252
What is the remainder when 192988 is divided by 27540?
208
Calculate the remainder when 473210 is divided by 115943.
9438
Calculate the remainder when 1463657 is divided by 487249.
1910
What is the remainder when 85181 is divided by 3767?
2307
Calculate the remainder when 1901186 is divided by 200.
186
Calculate the remainder when 6077822 is divided by 128.
126
What is the remainder when 8991917 is divided by 817441?
66
What is the remainder when 23767743 is divided by 14?
13
Calculate the remainder when 14376712 is divided by 3563.
7
Calculate the remainder when 64 is divided by 40.
24
Calculate the remainder when 3612826 is divided by 474.
472
Calculate the remainder when 4349997 is divided by 269.
267
What is the remainder when 61636795 is divided by 20545591?
22
What is the remainder when 2771526 is divided by 923822?
60
What is the remainder when 14691 is divided by 209?
61
Calculate the remainder when 117957379 is divided by 8425527.
1
What is the remainder when 2530654 is divided by 21?
7
Calculate the remainder when 3959949 is divided by 598.
591
Calculate the remainder when 113076 is divided by 4512.
276
Calculate the remainder when 8080878 is divided by 16.
14
What is the remainder when 15485 is divided by 2097?
806
What is the remainder when 3128128 is divided by 30?
28
Calculate the remainder when 5535480 is divided by 3239.
29
What is the remainder when 134057 is divided by 22320?
137
What is the remainder when 15047 is divided by 4927?
266
Calculate the remainder when 747552 is divided by 247947.
3711
Calculate the remainder when 28308 is divided by 9284.
456
Calculate the remainder when 164775 is divided by 9154.
3
Calculate the remainder when 90365637 is divided by 877336.
29
Calculate the remainder when 1244525 is divided by 25926.
77
What is the remainder when 1917705 is divided by 140?
125
Calculate the remainder when 1202881 is divided by 171810.
211
Calculate the remainder when 28597 is divided by 312.
205
What is the remainder when 8378073 is divided by 27026?
13
Calculate the remainder when 364934 is divided by 61.
32
Calculate the remainder when 133357 is divided by 44251.
604
What is the remainder when 1250583 is divided by 5312?
2263
What is the remainder when 44083955 is divided by 2140?
2095
Calculate the remainder when 694405 is divided by 11022.
19
What is the remainder when 482019919 is divided by 10?
9
What is the remainder when 14370304 is divided by 78?
52
Calculate the remainder when 3234561 is divided by 61.
36
What is the remainder when 6987923 is divided by 382?
379
What is the remainder when 13963084 is divided by 2792614?
14
Calculate the remainder when 207007 is divided by 18769.
548
What is the remainder when 153176603 is divided by 3370?
3363
What is the remainder when 1870597 is divided by 14846?
1
What is the remainder when 3424609 is divided by 100?
9
What is the remainder when 63706876 is divided by 80?
76
Calculate the remainder when 64479 is divided by 2706.
2241
What is the remainder when 111690 is divided by 111605?
85
Calculate the remainder when 3436975 is divided by 179.
175
What is the remainder when 114238268 is divided by 19?
8
What is the remainder when 123137930 is divided by 865?
855
Calculate the remainder when 20153 is divided by 4932.
425
Calculate the remainder when 161667 is divided by 40154.
1051
What is the remainder when 7339680 is divided by 13?
10
What is the remainder when 159645299 is divided by 17738364?
23
Calculate the remainder when 1048125 is divided by 95198.
947
Calculate the remainder when 470444 is divided by 2082.
1994
What is the remainder when 231756 is divided by 664?
20
What is the remainder when 43397 is divided by 76?
1
What is the remainder when 70902839 is divided by 5235?
5234
Calculate the remainder when 56323 is divided by 197.
178
What is the remainder when 1670722 is divided by 4?
2
What is the remainder when 658438 is divided by 609?
109
What is the remainder when 38432983 is divided by 46529?
29
Calculate the remainder when 6187454 is divided by 14593.
22
Calculate the remainder when 557492 is divided by 647.
425
What is the remainder when 44177632 is divided by 21?
16
Calculate the remainder when 81028 is divided by 558.
118
What is the remainder when 922845 is divided by 28?
21
Calculate the remainder when 6833110 is divided by 69.
40
What is the remainder when 166140 is divided by 53643?
5211
What is the remainder when 32034 is divided by 1524?
30
What is the remainder when 36557724 is divided by 1504?
1500
Calculate the remainder when 336339 is divided by 111836.
831
Calculate the remainder when 23967 is divided by 1185.
267
What is the remainder when 13240512 is divided by 117?
90
What is the remainder when 512756413 is divided by 28569?
1
Calculate the remainder when 12782749 is divided by 740.
729
Calculate the remainder when 130748 is divided by 195.
98
Calculate the remainder when 5729812 is divided by 37206.
88
Calculate the remainder when 1955521 is divided by 7.
1
What is the remainder when 1476178 is divided by 73803?
118
Calculate the remainder when 159279677 is divided by 1688.
1685
Calculate the remainder when 40837102 is divided by 2032.
2030
What is the remainder when 473031933 is divided by 3716?
3713
Calculate the remainder when 53854 is divided by 949.
710
Calculate the remainder when 178305207 is divided by 11144075.
7
Calculate the remainder when 694369 is divided by 659.
442
Calculate the remainder when 635727 is divided by 2410.
1897
What is the remainder when 65817468 is divided by 149?
145
What is the remainder when 5151998 is divided by 13?
7
Calculate the remainder when 4130901 is divided by 258157.
389
Calculate the remainder when 45911855 is divided by 4326.
17
Calculate the remainder when 593454 is divided by 296508.
438
Calculate the remainder when 8320572 is divided by 15.
12
Calculate the remainder when 13425362 is divided by 1564.
1550
Calculate the remainder when 3194821 is divided by 532465.
31
Calculate the remainder when 5033110 is divided by 935.
5
Calculate the remainder when 261753 is divided by 51983.
1838
What is the remainder when 227405357 is divided by 9463?
4
What is the remainder when 1718939 is divided by 5289?
14
What is the remainder when 1449336 is divided by 505?
491
Calculate the remainder when 140480 is divided by 27362.
3670
What is the remainder when 254022811 is divided by 2?
1
What is the remainder when 10783917 is divided by 1715?
1712
Calculate the remainder when 13987429 is divided by 74.
23
Calculate the remainder when 191457 is divided by 2178.
1971
Calculate the remainder when 870711 is divided by 2